
15
In base 2, what is 111 + -10100?
-1101
In base 9, what is -20 + -13?
-33
In base 14, what is 8 + 132?
13a
In base 9, what is -3 - 60?
-63
In base 16, what is 8 + 4a?
52
In base 6, what is 205 + -15?
150
In base 11, what is 4 - 512?
-509
In base 14, what is -a - -182?
176
In base 16, what is -325 + 4?
-321
In base 7, what is 263 + 4?
300
In base 2, what is -10101 - -1000?
-1101
In base 13, what is 17 - -4?
1b
In base 2, what is 111 - -11010100?
11011011
In base 8, what is -140 - -70?
-50
In base 8, what is -107 - -10?
-77
In base 8, what is -3 + -251?
-254
In base 8, what is 13 + 2553?
2566
In base 13, what is 1c7 - -10?
207
In base 15, what is 3 + -594?
-591
In base 14, what is -2 + 933?
931
In base 10, what is 1 - -13?
14
In base 11, what is 0 - 7a?
-7a
In base 6, what is 5 + 112?
121
In base 5, what is -210 - -1204?
444
In base 15, what is -111 - 5?
-116
In base 8, what is -3 - -104?
101
In base 5, what is 20132 - 4?
20123
In base 6, what is 20432 - 4?
20424
In base 2, what is 0 + 110100?
110100
In base 6, what is -10 + -1424?
-1434
In base 15, what is -7 - -1bd2?
1bca
In base 10, what is 4 - -1?
5
In base 2, what is -111011100010 + 101?
-111011011101
In base 10, what is -2 - -1787?
1785
In base 3, what is 120 - 2?
111
In base 13, what is 1c + -4?
18
In base 2, what is -10100111 + 1?
-10100110
In base 3, what is -2 - 11222?
-12001
In base 2, what is -1100 - 100011?
-101111
In base 13, what is -1 + -35?
-36
In base 12, what is 3 + -71?
-6a
In base 5, what is 231 + -40?
141
In base 10, what is -13 + -75?
-88
In base 10, what is 5 - -96?
101
In base 12, what is -13 + -a3?
-b6
In base 15, what is -11 - 1a?
-2b
In base 7, what is -540 + -1?
-541
In base 5, what is 1142 - 24?
1113
In base 3, what is 10012100 + -21?
10012002
In base 11, what is 10416 + -4?
10412
In base 12, what is 5 - 2a1?
-298
In base 7, what is -106 - 5?
-114
In base 15, what is 4 + 2d?
32
In base 13, what is 26a - 4?
266
In base 9, what is 1 - -26?
27
In base 11, what is 3 - 642?
-63a
In base 12, what is -5 - -309?
304
In base 9, what is 885 + 7?
1003
In base 16, what is 1 - -29?
2a
In base 11, what is -139 + -12?
-150
In base 8, what is 3 + -3?
0
In base 2, what is -10101110 + -1?
-10101111
In base 16, what is -d33 - 3?
-d36
In base 3, what is 110120 - 2?
110111
In base 15, what is -25 - b?
-31
In base 14, what is 3 - 103a?
-1037
In base 7, what is -1 + 266?
265
In base 10, what is -153 + -16?
-169
In base 10, what is -88 + -10?
-98
In base 5, what is 11 + -230?
-214
In base 4, what is 100 + -313?
-213
In base 5, what is 10 - 13412?
-13402
In base 5, what is -2 + -2410?
-2412
In base 9, what is 51 + 117?
168
In base 14, what is -d9 + -3?
-dc
In base 6, what is -1 + -1122?
-1123
In base 9, what is 257 - -6?
264
In base 13, what is -142 - 17?
-159
In base 11, what is -240 - -3?
-238
In base 13, what is -1 - 4c?
-50
In base 12, what is -12 + -7?
-19
In base 15, what is -42 + -2?
-44
In base 4, what is 100 + -22?
12
In base 8, what is 1236 - -1?
1237
In base 14, what is 1 + -6c?
-6b
In base 12, what is 47 + -9?
3a
In base 15, what is 2 + 11d?
120
In base 6, what is 1 - 0?
1
In base 8, what is 200 + -25?
153
In base 5, what is -3 + 1413?
1410
In base 8, what is 0 + 5?
5
In base 12, what is -42b - 8?
-437
In base 14, what is 6 + 72b?
733
In base 10, what is -222 + -4?
-226
In base 15, what is -83 - a7?
-13a
In base 3, what is -121221 - -1?
-121220
In base 10, what is -5 + 427?
422
In base 15, what is -2c33 - 5?
-2c38
In base 12, what is a5 - 12?
93
In base 3, what is -21 + -1201011?
-1201102
In base 8, what is 3 + 337?
342
In base 16, what is 0 - 1abb?
-1abb
In base 8, what is -4 + 16?
12
In base 10, what is 42 - 4?
38
In base 5, what is -24 - 13?
-42
In base 11, what is 17 + 14?
30
In base 10, what is 4 + 16?
20
In base 14, what is -5 + b9?
b4
In base 6, what is -12 - 23?
-35
In base 11, what is 5 - 47?
-42
In base 10, what is 831 + -11?
820
In base 10, what is -2 + -4?
-6
In base 16, what is 33 - -c?
3f
In base 6, what is 145 - 5?
140
In base 13, what is -2 - 63?
-65
In base 12, what is a + -8?
2
In base 13, what is 3b - 33?
8
In base 10, what is 2 - 144?
-142
In base 16, what is -78 - 41?
-b9
In base 16, what is 4 + -36?
-32
In base 3, what is -1212 + 110222?
102010
In base 4, what is -1 - 111?
-112
In base 2, what is 1010 + -110110?
-101100
In base 13, what is 1 - -97?
98
In base 10, what is -11 + 273?
262
In base 7, what is 6 + -102?
-63
In base 14, what is -35 - -1?
-34
In base 5, what is -2231 - -3?
-2223
In base 16, what is -24 - -5?
-1f
In base 5, what is 4411 + 2?
4413
In base 14, what is -11 - 0?
-11
In base 14, what is 0 + -d1?
-d1
In base 5, what is 2443 + -3?
2440
In base 5, what is 0 - 122?
-122
In base 5, what is -134 + -24?
-213
In base 9, what is 585 + -2?
583
In base 5, what is 44003 - -2?
44010
In base 15, what is -5 - -377?
372
In base 10, what is 6 - -62?
68
In base 7, what is -214002 - 4?
-214006
In base 5, what is 4 - 10?
-1
In base 7, what is 4 - 35?
-31
In base 3, what is -210 - 111?
-1021
In base 13, what is 0 + 62?
62
In base 3, what is 200 + 1?
201
In base 2, what is -11010 - 111010101?
-111101111
In base 13, what is -187 + -4?
-18b
In base 9, what is -406 + 2?
-404
In base 16, what is -b4 + 19?
-9b
In base 2, what is -11 + 101110110?
101110011
In base 14, what is 9 - -195?
1a0
In base 5, what is 10 - 10?
0
In base 14, what is -150 + 1?
-14d
In base 15, what is -4c - -4?
-48
In base 7, what is 111 + 126?
240
In base 4, what is 2300321 - 11?
2300310
In base 6, what is 1413 + -2?
1411
In base 4, what is 10 + -2022?
-2012
In base 10, what is 13 - -25?
38
In base 3, what is -12212 + 10?
-12202
In base 11, what is -18 - 3?
-20
In base 11, what is -1338 - -6?
-1332
In base 14, what is -10 - 30?
-40
In base 14, what is 9 - -1a0?
1a9
In base 16, what is aa + 1b?
c5
In base 6, what is 312 - 4?
304
In base 4, what is -2 - -33332?
33330
In base 8, what is 10132 + 2?
10134
In base 11, what is 17 - 31?
-15
In base 9, what is 2 - -8?
11
In base 4, what is 30 + 211?
301
In base 9, what is -3 - -1363?
1360
In base 5, what is 44111 + -1?
44110
In base 15, what is -5 - -16?
11
In base 14, what is -2 - 38?
-3a
In base 15, what is 1c - -1?
1d
In base 8, what is -144 - -1?
-143
In base 16, what is 33 - 2d?
6
In base 4, what is 0 + -1220?
-1220
In base 9, what is -1334 - 4?
-1338
In base 15, what is 16 + -6c?
-56
In base 3, what is -1201 + -11?
-1212
In base 7, what is -3 - 22?
-25
In base 8, what is -3420 + 16?
-3402
In base 10, what is -644 + -7?
-651
In base 7, what is -32 + 2?
-30
In base 12, what is -162 + 1?
-161
In base 14, what is -c + 7?
-5
In base 6, what is 4 - 402?
-354
In base 3, what is -10 + -10011?
-10021
In base 9, what is 326 - 17?
308
In base 14, what is -5 - -d0?
c9
In base 4, what is 32333 - 11?
32322
In base 16, what is -9 + fe?
f5
In base 16, what is -2 + 127?
125
In base 6, what is 20032 - 12?
20020
In base 3, what is -11 - -11022201?
11022120
In base 11, what is -14725 - -1?
-14724
In base 10, what is 80 + 4?
84
In base 16, what is 1a3 - 35?
16e
In base 10, what is -1 - 1733?
-1734
In base 8, what is -166 + -30?
-216
In base 14, what is -4 - 200?
-204
In base 12, what is -4b2 + 0?
-4b2
In base 5, what is -2 + 32032?
32030
In base 16, what is 2 + -2cf?
-2cd
In base 16, what is -3fe - -1?
-3fd
In base 14, what is -8 - -75?
6b
In base 11, what is -39 + -316?
-354
In base 12, what is -2 - -135?
133
In base 11, what is -5 - -15?
10
In base 3, what is -12 + 12112221?
12112202
In base 15, what is -35 + 6a?
35
In base 4, what is -22 + -21?
-103
In base 10, what is 2065 - 0?
2065
In base 3, what is -11102 + 11?
-11021
In base 15, what is -2816 + -5?
-281b
In base 10, what is -5 + 2535?
2530
In base 4, what is 21 - 30211?
-30130
In base 14, what is -600 - 5?
-605
In base 2, what is 11 - -10110110?
10111001
In base 16, what is 1 - a?
-9
In base 3, what is -1 - -100000?
22222
In base 4, what is 1133 + -30?
1103
In base 12, what is 7 + -1a1?
-196
In base 5, what is -4 - 30?
-34
In base 9, what is -22827 + -1?
-22828
In base 5, what is -4 + -311?
-320
In base 11, what is -3 - 506?
-509
In base 7, what is 3 - -2621?
2624
In base 10, what is 57 - 5?
52
In base 14, what is 3 - -222?
225
In base 9, what is 262 + 154?
426
In base 6, what is -3 + 54?
51
In base 